 be g(-3). Calculate the remainder when o/(-10) - (-753)/15 is divided by 13.
11
What is the remainder when ((-64)/(-10))/((-20)/(-50)) is divided by 5?
1
Let t = 3 + 1. Let f(i) = -i**2 + 8*i. What is the remainder when f(t) is divided by 6?
4
Let k = 90 + -56. Calculate the remainder when k is divided by ((-6)/(-7))/(2/42).
16
Suppose -2*o + 6*o - 416 = 0. Calculate the remainder when o is divided by 21.
20
Suppose 13*f - 3*g - 422 = 9*f, 222 = 2*f + 4*g. What is the remainder when f is divided by 22?
19
Suppose 2*a = -8, 5*w - w - 88 = -4*a. What is the remainder when w is divided by 3?
2
Let k = -54 + 70. What is the remainder when 79 is divided by k?
15
Let q(w) = 2*w**2 - 12*w + 12. What is the remainder when 68 is divided by q(6)?
8
Let l(b) = -3*b - 17. Calculate the remainder when 8 is divided by l(-7).
0
Let p(w) = -w + 61. Let u be p(0). Let s = u - 32. Calculate the remainder when s is divided by 10.
9
Suppose 0*s - s = -154. Suppose 5*r + s = 4*y, 3*r + 2*y + 105 = -5. Let t = -12 - r. Calculate the remainder when t is divided by 12.
10
Suppose 24 = 3*c - 9. Calculate the remainder when 20 is divided by c.
9
Let f(y) = y**2 + 6*y + 5. Let i be f(-6). Let z = 3 + i. Let s(j) = 3*j**2 + j - 2. Calculate the remainder when s(-3) is divided by z.
6
Suppose -4*w - 3*v - 25 = 65, 4*v - 13 = w. Let m = 23 - w. What is the remainder when m is divided by 15?
14
Suppose 16 = -i + 2*i - 5*k, -5*k = -5*i + 40. Suppose -f + 2*f - i = 0. What is the remainder when 9 is divided by f?
3
Let t(n) = 3*n**2 - 10*n + 3. Let c be t(-7). Suppose 2*z - 9 = -z. Suppose -2*v + c = z*v. Calculate the remainder when v is divided by 15.
14
Let y be 8/20 - 172/(-20). Let w(z) = z**3 - 9*z**2 + 3*z - 4. What is the remainder when w(y) is divided by 8?
7
Suppose 0 = v - 6 + 13. Let x(l) = -4*l - 7. Calculate the remainder when x(-6) is divided by (1/3)/(v/(-126)).
5
Let j = -8 + 1. Let q(x) = x**3 + 6*x**2 - 7*x + 3. Let i be q(j). Suppose -i*a + 5 = 5*b - 31, 0 = 2*b + 6. Calculate the remainder when a is divided by 6.
5
Suppose u - 2*u = -110. What is the remainder when u is divided by 28?
26
Let f be (3/9)/((-2)/(-6)). What is the remainder when 54 is divided by 4*f/(-3)*-21?
26
Let j(l) = 4 + 2*l**2 + 7*l - 5*l**2 + 5*l**2. Calculate the remainder when 15 is divided by j(-4).
7
Let v = 13 + -8. Suppose 3*y - 28 = 14. What is the remainder when y is divided by v?
4
Let k(f) = 7*f**2 + f - f**2 - 3 - 3*f - f**3 + f. Calculate the remainder when 67 is divided by k(5).
16
Let b = 33 - 6. What is the remainder when 51 is divided by b?
24
Let m(n) = 19*n - 6. What is the remainder when 25 is divided by m(1)?
12
Let y = 8 - -24. Let n(m) = m**2 + 6*m + 4. Let a be n(-6). Suppose x - a = 7. What is the remainder when y is divided by x?
10
Suppose 0 = -2*z - 0*z + 10. What is the remainder when 11 is divided by z?
1
Suppose 0 = -2*z - 6 + 14. Suppose -5*h + 85 = -4*k, z*k + 116 = 3*h + 41. Let b = k + 29. Calculate the remainder when 26 is divided by b.
12
Let g(z) = -z**3 + z**2 + z + 4. Let y = 1 + -1. Let m be g(y). Suppose -5 - 35 = -m*c. What is the remainder when 18 is divided by c?
8
Let n(g) = -21*g - 10. Suppose -5*z + 59 = -4*x, -3 = 4*x - x. What is the remainder when n(-2) is divided by z?
10
Let u(q) = 14*q**2 - q + 2. Let x be 1/(-5) - (-11)/5. Suppose -112*n = -104*n - 152. Calculate the remainder when u(x) is divided by n.
18
Let l(o) = -4*o - 18. Calculate the remainder when 17 is divided by l(-6).
5
Suppose 3*s + 356 = 2372. Let j be -2 - 1 - s/6. Let p = 164 + j. Calculate the remainder when p is divided by 17.
15
Calculate the remainder when (-22)/(-33) + 350/6 is divided by 15.
14
Suppose -y + 20 = 5*j + y, 0 = -y - 5. What is the remainder when (72/30)/((-3)/(-20)) is divided by j?
4
Suppose 5*k = 2*g + 112, -3*k - 4*g - 4 = -92. Calculate the remainder when 69 is divided by k.
21
Let x(w) be the third derivative of w**5/60 - w**4/6 - w**3/2 + 6*w**2. Let y(n) = n**3 - 5*n**2 - n + 4. What is the remainder when y(6) is divided by x(6)?
7
Suppose 17*a - 11*a = 66. Calculate the remainder when 49 is divided by a.
5
Suppose -10*j + 36 = -6*j. Let w be 3/j - (-6)/9. Suppose -2*g - 3*r = r + 2, -5*r - w = 4*g. What is the remainder when 2 is divided by g?
0
Let o = 10 - 0. What is the remainder when 68 is divided by o?
8
Suppose c - 6 = -3. Let a(j) = 6 - 2*j**2 + j**2 + c - 12*j. What is the remainder when a(-7) is divided by 15?
14
Suppose 7*v - 2*v + 4*j - 2 = 0, -v = -5*j - 12. Calculate the remainder when 5 is divided by (-1*v)/(4/(-8)).
1
Let j = 39 - 20. What is the remainder when 51 is divided by j?
13
Suppose -4*f = p + 3*p - 28, -4*f = -5*p + 8. Suppose p*a - 44 = 104. Let x = -43 + 56. Calculate the remainder when a is divided by x.
11
Let p(g) = 36*g. Suppose 4*j - 3 = j. Calculate the remainder when p(j) is divided by 13.
10
Let f(t) = -11*t + 1. What is the remainder when f(-4) is divided by 23?
22
Suppose 0 = -4*b + 3*b. Suppose b = -5*v + 5*c, 2*c = -5*v + 4*c + 15. Calculate the remainder when 8 is divided by v.
3
What is the remainder when (1/(-1) - -76) + 10 + -14 is divided by 38?
33
What is the remainder when (-360)/(-7) + 45/(-105) is divided by 13?
12
Let m(g) be the first derivative of g**2/2 + 8*g + 6. What is the remainder when 57 is divided by m(7)?
12
Suppose -4*p + 17 = 5*f - 12, -3*p - 7 = -2*f. Suppose f*g - 50 = -2*r, r + 2*g - 146 = -4*r. Let d = 41 - 25. Calculate the remainder when r is divided by d.
14
Suppose -27 + 2 = -5*i. Calculate the remainder when 170/(-4)*(-4)/i is divided by 12.
10
Suppose -5*z + 90 = -85. What is the remainder when -1 + (-3)/((-3)/z) is divided by 3 - ((-2 - -1) + -14)?
16
Suppose 0 = -3*o + 2*t + 17, t + 22 = 5*o - 18. Suppose 5*w + 25 = 2*f, 0 = -f - 3*f - 2*w + 14. Let m = o - f. What is the remainder when m is divided by 3?
1
Let w = 32 + -10. What is the remainder when 63 is divided by w?
19
Suppose 0 = 7*v - 3*v - 104. Calculate the remainder when v is divided by 16.
10
Suppose 0 = k - 1 - 6. Let d be 0/1 - -2 - k. Calculate the remainder when 22/d*(5 + -10) is divided by 12.
10
Calculate the remainder when 66 is divided by 20 + 1/(1/(-3)).
15
Suppose 4*i = t - 0*t - 56, -i = 2*t - 112. What is the remainder when t is divided by 29?
27
Let h be (2/2)/((-1)/(-7)). Suppose 2 = -w - 2*m + h, w - 3*m - 10 = 0. Suppose 4*b = 9*b - 100. Calculate the remainder when b is divided by w.
6
Let z(q) = q**2 + 4*q + 4. What is the remainder when 25 is divided by z(-5)?
7
Let d = 16 - 13. Calculate the remainder when d is divided by 1.
0
Suppose s + 3*s = 20. Suppose -z = 0, q + 68 = s*q + 5*z. What is the remainder when q is divided by 9?
8
Suppose 2*r = -4*a - 0*a - 4, 0 = -a - 3. Let q = 6 - -5. What is the remainder when q is divided by r?
3
Suppose -55*m + 112 = -51*m. What is the remainder when m is divided by 11?
6
Let f(r) = -r**3 + 11*r**2 + r - 6. Let c be f(11). Suppose -2*t - c*m + 135 = 0, -2*t + m = -133 - 20. Calculate the remainder when t is divided by 26.
23
Suppose -3*z - 217 = -4*g, g + 4*g = -4*z + 279. Suppose -16 = -3*f + s + 30, -f + 22 = -2*s. Calculate the remainder when g is divided by f.
13
Suppose 0 = 3*f - 8*f + 235. Suppose -2*n + 41 = -3*w, w - f = -5*n + 13. Calculate the remainder when (99/(-21) + 3)*-14 is divided by n.
11
Suppose 5*j = -b + 4*b + 79, 39 = 3*j + b. Suppose -2*q = 4*n - 104, 0 = -5*n + 3*q - 0*q + 141. Calculate the remainder when n is divided by j.
13
Suppose -2*l = -2 - 6. Calculate the remainder when (-1)/4 + (3 - (-100)/16) is divided by l.
1
Suppose 4*u + 83 = o, 0 = 5*o + 5*u - 572 + 207. Suppose 3*n = -6 + o. Let b(w) = w**3 - 13*w**2 - 14*w + 8. What is the remainder when n is divided by b(14)?
7
What is the remainder when 47 is divided by (-2)/(-5) + 1508/130?
11
Suppose -n + 8*n = 315. What is the remainder when n is divided by (2/1 - 0)*6?
9
Let q(p) = -p**2 - 5*p + 1. Let b be q(-4). Suppose 5*l = a + 127, -l - b*a = 15 - 56. Calculate the remainder when l is divided by 9.
8
Let o = 175 - 161. Let n = -32 + 99. What is the remainder when n is divided by o?
11
Let c(s) = 5*s - 8. Calculate the remainder when 34 is divided by c(3).
6
Suppose 0 = 7*j - 16*j + 189. Calculate the remainder when j is divided by 4/(-6) - (-114)/9.
9
Let